--
--

-- Started on 2010-08-17 11:54:03 EDT

SET escape_string_warning = off;



--
-- TOC entry 2103 (class 0 OID 23838)
-- Dependencies: 1596
-- Data for Name: auth_group; Type: TABLE DATA; Schema: public; Owner: demo
--

COPY auth_group (id, name) FROM stdin;
\.


--
-- TOC entry 2108 (class 0 OID 23919)
-- Dependencies: 1606
-- Data for Name: django_content_type; Type: TABLE DATA; Schema: public; Owner: demo
--

COPY django_content_type (id, name, app_label, model) FROM stdin;
22	application	mcconfig	application
23	application widget	mcconfig	applicationwidget
5	content type	contenttypes	contenttype
10	datastore	mcconfig	datastore
11	datastore option	mcconfig	datastoreoption
12	field	mcconfig	field
13	field option	mcconfig	fieldoption
2	group	auth	group
25	log entry	admin	logentry
19	map context	mcconfig	mapcontext
20	map context option	mcconfig	mapcontextoption
21	map context resource	mcconfig	mapcontextresource
4	message	auth	message
1	permission	auth	permission
14	resource	mcconfig	resource
15	resource field	mcconfig	resourcefield
16	resource option	mcconfig	resourceoption
8	service	mcconfig	service
9	service option	mcconfig	serviceoption
6	session	sessions	session
24	session	mcconfig	session
7	site	sites	site
3	user	auth	user
17	widget	mcconfig	widget
18	widget option	mcconfig	widgetoption
\.


--
-- TOC entry 2101 (class 0 OID 23813)
-- Dependencies: 1592 2108
-- Data for Name: auth_permission; Type: TABLE DATA; Schema: public; Owner: demo
--

COPY auth_permission (id, name, content_type_id, codename) FROM stdin;
1	Can add permission	1	add_permission
2	Can change permission	1	change_permission
3	Can delete permission	1	delete_permission
4	Can add group	2	add_group
5	Can change group	2	change_group
6	Can delete group	2	delete_group
7	Can add user	3	add_user
8	Can change user	3	change_user
9	Can delete user	3	delete_user
10	Can add message	4	add_message
11	Can change message	4	change_message
12	Can delete message	4	delete_message
13	Can add content type	5	add_contenttype
14	Can change content type	5	change_contenttype
15	Can delete content type	5	delete_contenttype
16	Can add session	6	add_session
17	Can change session	6	change_session
18	Can delete session	6	delete_session
19	Can add site	7	add_site
20	Can change site	7	change_site
21	Can delete site	7	delete_site
22	Can add service	8	add_service
23	Can change service	8	change_service
24	Can delete service	8	delete_service
25	Can add service option	9	add_serviceoption
26	Can change service option	9	change_serviceoption
27	Can delete service option	9	delete_serviceoption
28	Can add datastore	10	add_datastore
29	Can change datastore	10	change_datastore
30	Can delete datastore	10	delete_datastore
31	Can add datastore option	11	add_datastoreoption
32	Can change datastore option	11	change_datastoreoption
33	Can delete datastore option	11	delete_datastoreoption
34	Can add field	12	add_field
35	Can change field	12	change_field
36	Can delete field	12	delete_field
37	Can add field option	13	add_fieldoption
38	Can change field option	13	change_fieldoption
39	Can delete field option	13	delete_fieldoption
40	Can add resource	14	add_resource
41	Can change resource	14	change_resource
42	Can delete resource	14	delete_resource
43	Can add resource field	15	add_resourcefield
44	Can change resource field	15	change_resourcefield
45	Can delete resource field	15	delete_resourcefield
46	Can add resource option	16	add_resourceoption
47	Can change resource option	16	change_resourceoption
48	Can delete resource option	16	delete_resourceoption
49	Can add widget	17	add_widget
50	Can change widget	17	change_widget
51	Can delete widget	17	delete_widget
52	Can add widget option	18	add_widgetoption
53	Can change widget option	18	change_widgetoption
54	Can delete widget option	18	delete_widgetoption
55	Can add map context	19	add_mapcontext
56	Can change map context	19	change_mapcontext
57	Can delete map context	19	delete_mapcontext
58	Can add map context option	20	add_mapcontextoption
59	Can change map context option	20	change_mapcontextoption
60	Can delete map context option	20	delete_mapcontextoption
61	Can add map context resource	21	add_mapcontextresource
62	Can change map context resource	21	change_mapcontextresource
63	Can delete map context resource	21	delete_mapcontextresource
64	Can add application	22	add_application
65	Can change application	22	change_application
66	Can delete application	22	delete_application
67	Can add application widget	23	add_applicationwidget
68	Can change application widget	23	change_applicationwidget
69	Can delete application widget	23	delete_applicationwidget
70	Can add session	24	add_session
71	Can change session	24	change_session
72	Can delete session	24	delete_session
73	Can add log entry	25	add_logentry
74	Can change log entry	25	change_logentry
75	Can delete log entry	25	delete_logentry
\.


--
-- TOC entry 2102 (class 0 OID 23823)
-- Dependencies: 1594 2101 2103
-- Data for Name: auth_group_permissions; Type: TABLE DATA; Schema: public; Owner: demo
--

COPY auth_group_permissions (id, group_id, permission_id) FROM stdin;
\.


--
-- TOC entry 2107 (class 0 OID 23903)
-- Dependencies: 1604 2106
-- Data for Name: auth_message; Type: TABLE DATA; Schema: public; Owner: demo
--

COPY auth_message (id, user_id, message) FROM stdin;
\.


--
-- TOC entry 2105 (class 0 OID 23868)
-- Dependencies: 1600 2103 2106
-- Data for Name: auth_user_groups; Type: TABLE DATA; Schema: public; Owner: demo
--

COPY auth_user_groups (id, user_id, group_id) FROM stdin;
\.


--
-- TOC entry 2104 (class 0 OID 23853)
-- Dependencies: 1598 2101 2106
-- Data for Name: auth_user_user_permissions; Type: TABLE DATA; Schema: public; Owner: demo
--

COPY auth_user_user_permissions (id, user_id, permission_id) FROM stdin;
\.


--
-- TOC entry 2129 (class 0 OID 24242)
-- Dependencies: 1647 2106 2108
-- Data for Name: django_admin_log; Type: TABLE DATA; Schema: public; Owner: demo
--

COPY django_admin_log (id, action_time, user_id, content_type_id, object_id, object_repr, action_flag, change_message) FROM stdin;
\.


--
-- TOC entry 2110 (class 0 OID 23942)
-- Dependencies: 1609
-- Data for Name: django_site; Type: TABLE DATA; Schema: public; Owner: demo
--

COPY django_site (id, domain, name) FROM stdin;
1	example.com	example.com
\.


--
-- TOC entry 2126 (class 0 OID 24187)
-- Dependencies: 1641
-- Data for Name: mcconfig_application; Type: TABLE DATA; Schema: public; Owner: demo
--

COPY mcconfig_application (id, name, template, type) FROM stdin;
1	AP_Default	template.xslt	1
2	Dummy	template.xslt	1
\.


--
-- TOC entry 2121 (class 0 OID 24110)
-- Dependencies: 1631
-- Data for Name: mcconfig_widget; Type: TABLE DATA; Schema: public; Owner: demo
--

COPY mcconfig_widget (id, name, type) FROM stdin;
1	W_GeoExtToolbar	22
2	W_Shortcut	25
3	W_Shortcut2	25
4	W_MeasureToolArea	5
5	W_ZoomSlider	12
6	W_GetMousePosition	14
7	W_Scale	15
8	W_MousePosition	13
9	W_MapFishLayerTree	3
10	W_QueryOnClick	7
11	W_ResultExtGrid	9
12	W_FeaturePanelSelector	20
13	W_RedLining	27
14	W_MapFishRecenter	4
15	W_InitialView	11
16	W_PDFPrint	28
\.


--
-- TOC entry 2127 (class 0 OID 24201)
-- Dependencies: 1643 2126 2121
-- Data for Name: mcconfig_applicationwidget; Type: TABLE DATA; Schema: public; Owner: demo
--

COPY mcconfig_applicationwidget (id, application_id, widget_id, "order") FROM stdin;
1	1	1	1
2	1	2	2
3	2	3	3
4	1	4	4
5	1	5	5
6	1	6	6
7	1	7	7
8	1	8	8
9	1	9	9
10	1	10	10
11	1	11	11
12	2	12	12
13	1	13	13
14	1	14	14
15	1	15	15
16	1	16	16
\.


--
-- TOC entry 2111 (class 0 OID 23950)
-- Dependencies: 1611
-- Data for Name: mcconfig_service; Type: TABLE DATA; Schema: public; Owner: demo
--

COPY mcconfig_service (id, name, source, type) FROM stdin;
1	S_OpenStreetMap	http://tile.openstreetmap.org/	4
2	S_WMS_dev4g_gmap	http://dev4g.mapgears.com/cgi-bin/mswms_gmap	1
3	S_TC_dev4g_gmap	http://dev4g.mapgears.com/tilecache/trunk/tilecache.py	2
4	S_FS_dev4g_gmap	http://dev4g.mapgears.com/featureserver/trunk/featureserver.cgi	3
5	S_WMS_dev4g_bdga	http://dev4g.mapgears.com/cgi-bin/mswms_bdga	1
\.


--
-- TOC entry 2113 (class 0 OID 23980)
-- Dependencies: 1615 2111
-- Data for Name: mcconfig_datastore; Type: TABLE DATA; Schema: public; Owner: demo
--

COPY mcconfig_datastore (id, service_id, name, layers) FROM stdin;
1	1	DS_OpenStreetMap	\N
2	2	DS_WMS_dev4g_gmap_popp	popplace
3	3	DS_TC_dev4g_gmap_base	gmap_base
4	4	DS_FS_dev4g_gmap_popp	gmap_popp
5	2	DS_WMS_dev4g_gmap_road	road
6	5	DS_WMS_dev4g_bdga_popp	BDGA_HABIT_P_POINT
8	2	DS_WMS_dev4g_gmap_park	park
7	2	DS_WMS_dev4g_gmap_prov	prov_bound
9	3	DS_TC_dev4g_gmap_prov	gmap_prov
\.


--
-- TOC entry 2114 (class 0 OID 23998)
-- Dependencies: 1617 2113
-- Data for Name: mcconfig_datastoreoption; Type: TABLE DATA; Schema: public; Owner: demo
--

COPY mcconfig_datastoreoption (id, datastore_id, name, value) FROM stdin;
\.


--
-- TOC entry 2116 (class 0 OID 24027)
-- Dependencies: 1621 2115
-- Data for Name: mcconfig_fieldoption; Type: TABLE DATA; Schema: public; Owner: demo
--

COPY mcconfig_fieldoption (id, field_id, name, value) FROM stdin;
1	1	type	string
2	1	width	200
3	2	type	float
4	2	width	150
5	3	type	float
6	3	width	150
7	4	type	integer
8	4	width	50
9	5	type	string
10	5	width	200
11	6	type	integer
12	6	width	50
13	7	string	100
14	7	width	150
15	8	type	string
16	8	width	100
17	1	selectType	key
18	2	selectType	value
19	3	selectType	value
20	4	selectType	key
21	5	selectType	value
22	6	selectType	keyValue
23	7	selectType	keyValue
24	8	selectType	false
25	5	filter	#%
\.


--
-- TOC entry 2123 (class 0 OID 24140)
-- Dependencies: 1635
-- Data for Name: mcconfig_mapcontext; Type: TABLE DATA; Schema: public; Owner: demo
--

COPY mcconfig_mapcontext (id, name) FROM stdin;
1	MC_Default
\.


--
-- TOC entry 2124 (class 0 OID 24153)
-- Dependencies: 1637 2123
-- Data for Name: mcconfig_mapcontextoption; Type: TABLE DATA; Schema: public; Owner: demo
--

COPY mcconfig_mapcontextoption (id, mapcontext_id, name, value) FROM stdin;
1	1	projection	EPSG:42304
3	1	units	m
4	1	maxextent	-2751549.750,-935783.250,3582850.250,4674119.750
6	1	maxresolution	156543.0339
7	1	numzoomlevels	5
2	1	alloverlays	false
5	1	scales	20000000,10000000,4000000,1000000,500000
\.


--
-- TOC entry 2125 (class 0 OID 24169)
-- Dependencies: 1639 2123 2118
-- Data for Name: mcconfig_mapcontextresource; Type: TABLE DATA; Schema: public; Owner: demo
--

COPY mcconfig_mapcontextresource (id, mapcontext_id, resource_id, "order") FROM stdin;
2	1	3	1
7	1	7	2
6	1	6	3
3	1	4	4
4	1	2	5
5	1	5	6
\.


--
-- TOC entry 2117 (class 0 OID 24043)
-- Dependencies: 1623 2113 2118
-- Data for Name: mcconfig_resourcedatastore; Type: TABLE DATA; Schema: public; Owner: demo
--

COPY mcconfig_resourcedatastore (id, resource_id, datastore_id) FROM stdin;
1	1	1
2	3	3
3	4	5
4	5	6
5	6	9
6	6	7
7	2	2
8	2	4
9	7	8
\.


--
-- TOC entry 2119 (class 0 OID 24076)
-- Dependencies: 1627 2118 2115
-- Data for Name: mcconfig_resourcefield; Type: TABLE DATA; Schema: public; Owner: demo
--

COPY mcconfig_resourcefield (id, resource_id, field_id, "order") FROM stdin;
1	7	1	1
5	2	5	1
6	2	6	2
2	7	2	2
3	7	3	3
7	2	7	3
4	7	4	4
8	2	8	4
\.


--
-- TOC entry 2112 (class 0 OID 23964)
-- Dependencies: 1613 2111
-- Data for Name: mcconfig_serviceoption; Type: TABLE DATA; Schema: public; Owner: demo
--

COPY mcconfig_serviceoption (id, service_id, name, value) FROM stdin;
1	1	provider	openstreetmap
\.


--
-- TOC entry 2128 (class 0 OID 24219)
-- Dependencies: 1645 2126 2123
-- Data for Name: mcconfig_session; Type: TABLE DATA; Schema: public; Owner: demo
--

COPY mcconfig_session (id, name, application_id, mapcontext_id) FROM stdin;
1	session_test	1	1
\.


--
-- TOC entry 2122 (class 0 OID 24124)
-- Dependencies: 1633 2121
-- Data for Name: mcconfig_widgetoption; Type: TABLE DATA; Schema: public; Owner: demo
--

COPY mcconfig_widgetoption (id, widget_id, name, value, "order") FROM stdin;
4	1	control	ZoomIn	1
15	1	widget	10	1
13	1	widget	4	2
6	1	control	ZoomOut	2
5	1	control	Pan	3
14	1	widget	6	3
22	1	widget	16	4
19	1	widget	13	5
7	1	widget	2	6
11	1	widget	3	7
20	14	forcefilters	true	\N
3	2	fieldLabel	My field label	\N
21	16	templates	[{"name":"Portrait","model":"Letter Portrait","thumb":"images/iconA4.jpg","dpi":"254","fields":[{"type":"text","name":"mapTitle","label":"Titre"}]}]	\N
2	2	emptyText	My empty text...	\N
1	2	defaultZoom	3	\N
8	3	defaultZoom	4	\N
9	3	emptyText	Second empty text...	\N
10	3	fieldLabel	Second field label	\N
12	4	measuretype	Area	\N
16	10	result	11	\N
17	11	inwindow	false	\N
18	10	featurepanel	12	\N
\.


-- Completed on 2010-08-17 11:54:03 EDT

--
--

